+ 4*a - 5*s = 41, 0 = -2*a + c*s + 12. Let o(r) = -2*r + 1. Determine o(a).
9
Let y = -6 - -5. Let q be (0 - 0) + (y - -3). Suppose -q*m - 2*b = 8, m - 20 = 5*b + 6. Let o(d) = -3*d**3 + 2*d**2 - d. Calculate o(m).
-2
Let a be -2*(-2)/(-16)*-4. Let r = 0 + a. Suppose w = -d + r, -4*w + d = 2*d + 8. Let h(t) = t + 4. Determine h(w).
1
Let z(m) be the third derivative of -m**4/24 + 5*m**3/6 + 7*m**2. What is z(5)?
0
Let x(w) = -6*w + 1. Let p be (1 - (2 + -2)) + 2/1. Determine x(p).
-17
Suppose 0 = -7*t - 9*t + 16. Let o(p) = -p**2 - p - 1. Let f(c) = -4*c**2 + 4*c + 4. Let j(a) = -f(a) - 4*o(a). What is j(t)?
8
Suppose 0*c - 4*c = -24. Let q = c + -9. Let u(t) = -t**3 - t**2 + 2 - 4 + 3*t + 0*t**2. What is u(q)?
7
Let l(k) = 11*k**3 - k**2 - k - 1. Let d = 34 + -35. Calculate l(d).
-12
Suppose 2*j - 1 + 7 = 0. Let x(h) be the first derivative of -3/2*h**2 + 1/4*h**4 + 0*h + 2/3*h**3 + 3. What is x(j)?
0
Let y be 2/(-10) + 48/(-10). Let o = -3 - y. Let b(l) = -l**2 + 2*l + 1. Give b(o).
1
Suppose 3*d + 5*j + 28 = 4*d, -2*d + 4*j = -32. Let r = d - 3. Let f(s) = s - 1. Determine f(r).
4
Let r(s) be the second derivative of -5*s**3/6 + 3*s**2 - 8*s. What is r(4)?
-14
Let r = -13 - -11. Let p be r - -8 - (7 - 5). Let i(n) = n**3 - 2*n**2 - 5*n. What is i(p)?
12
Let c(v) = -6*v - 3. Let p(i) = -4*i + 3*i + i - i. Let j = 7 - 3. Let o(b) = j*p(b) - c(b). Give o(-2).
-1
Let w be -7 + 4 + (-1 - -4). Let h(i) be the third derivative of -i**2 - 1/12*i**4 - 1/6*i**3 + w + 0*i. Give h(-2).
3
Let n(m) = m**2 - 7*m - 2. Suppose 5 = a, 5*b - b - 8 = 4*a. Calculate n(b).
-2
Let h(p) = -p**2 - 8*p - 8. Let z be h(-6). Let m(q) = 128 - 3*q + 135 - 261. Give m(z).
-10
Let d(n) = -n**2 + 6*n + 14. Let u be d(8). Let k(o) be the second derivative of o**4/12 + 2*o**3/3 + 3*o**2/2 + o. Determine k(u).
-1
Let h(m) be the first derivative of m**3/6 + 3*m + 1. Let w(i) be the first derivative of h(i). Let z(j) = 14*j + 1. Let c(u) = -4*w(u) + z(u). Determine c(-1).
-9
Suppose -5*p = -0*p. Suppose p = -5*z + 3*z - 4. Let l(t) = 2*t**3 + 2*t**2 - t + 2. Determine l(z).
-4
Suppose -7*l - 8 = -5*l. Let k(y) be the second derivative of -y**3 - y - 1/12*y**4 + 0 - 3/2*y**2. Calculate k(l).
5
Let l(x) be the second derivative of x**4/12 + 7*x**3/6 + 3*x**2/2 + 15*x. Give l(-6).
-3
Let u = 52 - 55. Let w(a) = -5*a - 2. Give w(u).
13
Suppose 5*a + 2 = -3. Let g(t) be the second derivative of t**3/6 - t**2/2 + 2*t. Let c(w) = -w**2 - w + 5. Let q(m) = a*c(m) - 3*g(m). What is q(-2)?
6
Let s(t) be the third derivative of t**9/60480 - t**8/20160 + t**7/5040 - t**5/12 - 8*t**2. Let k(a) be the third derivative of s(a). Determine k(0).
0
Let b(n) be the second derivative of n**4/12 + 5*n**3/3 + 5*n**2 + 2*n. Let g be b(-9). Let s(o) = -12*o**3 + 2*o**2 - 2*o + 1. Determine s(g).
-11
Let b(m) = -7*m**2 - 7*m - 8. Let r(c) = 15*c**2 + 15*c + 16. Let p(o) = -13*b(o) - 6*r(o). Suppose 0*y + 3*y = 0. Give p(y).
8
Let a(m) = -2*m**3 + 4*m**2 - 3*m + 2. Let j be 18/14 + (-4)/14. Let k be 6 + -6 + 1 + j. Give a(k).
-4
Let k(s) = 4*s + s**2 + 3*s**2 - 11*s**3 + 12*s**3 + 2. Give k(-3).
-1
Let i = 14 + -13. Let r(a) = -11*a - 1. What is r(i)?
-12
Let q be (6/4)/((-3)/8). Let j(f) = 8*f**2 + 29*f - 8. Let a(p) = 2*p**2 + 7*p - 2. Let z(t) = -9*a(t) + 2*j(t). Give z(q).
-10
Let g(c) be the third derivative of -1/12*c**4 + 0 - 1/6*c**3 + 2*c**2 + 0*c + 1/60*c**5. Let b = 5 - 3. Calculate g(b).
-1
Let l be (2 - -1)/3 - -3. Let c(a) = -a**3 + 5*a**2 - 2*a - 3. Determine c(l).
5
Let h(j) be the second derivative of j**4/12 + j**2/2 + 16*j. What is h(0)?
1
Let f(a) be the second derivative of 5*a**3/6 + 10*a. What is f(-3)?
-15
Let r(t) = -5*t**2 - 41 + 7*t + 44 - t**3 + 12*t**2. Give r(8).
-5
Let p(l) = l**2 - 7*l + 8. Let z be p(6). Let n(x) = -2*x**2 - x**2 + 0*x**2 + 2*x**z - 7*x. What is n(-6)?
6
Let l(d) be the second derivative of d**3/3 + 2*d**2 + 34*d. What is l(-6)?
-8
Suppose 2*l - 5*k + 8 = 0, -8*l + 2*k = -4*l. Let z(y) = l + 11*y - y**2 - 28*y + 15*y. What is z(-4)?
-7
Let p(r) = -r**2 + 7*r - 8. Let k be 24/(-48) + -15*(-2)/4. What is p(k)?
-8
Let l be (3/7)/((-2)/(-14)). Let x(d) = 5 - l + 8 - d. Suppose -8 = 3*s + 1, -m + 5*s + 20 = 0. Give x(m).
5
Let j = 8 - 5. Let a(m) = -2*m**2 + m**2 - 4*m + j*m - 4. Give a(-3).
-10
Let o(f) = -9*f - 2*f - 2 + 4*f + 8*f. Suppose -t - t = 0. Suppose -10 = -2*l - t. Determine o(l).
3
Let t(j) = 9*j + 1. Let r(u) = -13*u - 2. Let y(l) = -5*r(l) - 7*t(l). Suppose 0 = -4*i - 3*s - 19, -2*i = -0*i - 3*s + 5. Determine y(i).
-5
Let m(g) = 2*g - 6. Let h be m(4). Suppose -f = -q + h, -q - 4 = -1. Let a(z) = -z**3 - 5*z**2 + 2*z + 4. What is a(f)?
-6
Let a(r) = -r**3 + 7*r**2 + r + 1. Suppose 7*s = 29 + 20. What is a(s)?
8
Let l(h) be the first derivative of 0*h**2 - 1 + h - 1/3*h**3. Suppose -2*s = 4 - 2. Calculate l(s).
0
Let s(c) be the third derivative of -2*c**2 + 2/3*c**3 + 0*c + 0 - 1/12*c**4. What is s(5)?
-6
Let g(m) = -m**3 - 7*m**2 - 9*m - 13. Let y be g(-6). Let j(d) = 5*d**2 - 6*d + 4. Let s(t) = -t**2. Let n(o) = j(o) + 4*s(o). Determine n(y).
-1
Suppose -8*r - 4 = -7*r. Let k(n) = n - 2. Give k(r).
-6
Let h(p) = 3*p + 0*p + p**2 + 2 + 6*p - 4*p. Suppose -2*x + 3*y - 23 = 0, -4*y = -x - 13 - 11. What is h(x)?
-2
Let h(l) be the third derivative of -l**4/12 + l**3/2 - l**2 + 14. Give h(4).
-5
Suppose 0 = 2*c - 8, 3*d - 5*c = -0*d - 8. Let o(q) = -5*q**3 + 11*q**2 + 11*q + 1. Let y(b) = -b**3 + b**2 + b - 1. Let p(j) = d*y(j) - o(j). Determine p(8).
3
Let r(y) = -y**2 + 4*y - 2. Suppose p = -4 + 7. Let a be r(p). Let z(f) = -a + 2*f**2 + 3 - 3 + 0*f - 2*f. Give z(-1).
3
Let w(c) = 2*c**2 + 5*c - 5. Let t(y) = 3*y**2 + 9*y - 9. Let a(i) = 4*t(i) - 7*w(i). Suppose -2*n + 9 = 5. What is a(n)?
-7
Let q(l) be the first derivative of -l**5/20 - l**4/3 + 4*l**3/3 + 5*l**2/2 - 11*l - 3. Let c(a) be the first derivative of q(a). Calculate c(-5).
-10
Let b(o) = 3*o - 12. Let y be b(8). Let m = y - 11. Let h(u) = u**2. Give h(m).
1
Let s(t) = t + 1. Let m = 25 + 4. Suppose 5*h - m = -4. Suppose -3*x + 17 = h. Determine s(x).
5
Let p(j) be the first derivative of 4*j**3/3 + 2*j**2 + j - 4. What is p(-3)?
25
Suppose 0 = 4*n + n + 55. Let h = n + 8. Let c(b) be the third derivative of b**5/60 + b**4/8 + b**3/6 - b**2. Give c(h).
1
Let m(y) be the first derivative of y**2/2 - 24. What is m(-3)?
-3
Let d(q) = -5*q**2 + 2*q. Let k(t) = -11*t**2 + 5*t. Let x(w) = -10*d(w) + 4*k(w). Calculate x(1).
6
Let n = 10 - 2. Let t be n/(-4) + (-6)/(-3). Let b(p) = -p + t*p - 2*p. What is b(-1)?
3
Let z(l) = l**2 + 9*l + 3. Let w(d) = d**2 - 16*d + 8. Let p be w(15). Determine z(p).
-11
Suppose 4*p - 12 = 2*j, 4*p = 3*j + j + 8. Let a(t) = -t**2 + 4*t + 2*t**j + 4 - 1. Give a(-4).
3
Let o(n) = 3*n + 2. Let p(r) = 3*r + 1. Let c(z) = 5*o(z) - 6*p(z). Calculate c(7).
-17
Let j(m) be the first derivative of m**2/2 - 74. Let c = -2 - -1. What is j(c)?
-1
Let a(k) be the first derivative of 3*k**2 - 3 - 6*k + 4/3*k**3 - 1/4*k**4. Determine a(5).
-1
Let i(z) = z**3 + z**2 - z - 8. Let k be i(0). Let u be -2 + -1 - 1*k. Let q(v) be the first derivative of v**3/3 - 9*v**2/2 + 7*v + 1. What is q(u)?
-13
Let s(n) = -3*n**3 - 10*n**2 + 5*n - 8. Let x(i) = -i**3 - i**2 + i. Let d(q) = s(q) - 4*x(q). Let r = -11 + 17. What is d(r)?
-2
Suppose 2*b - 5 = 3*f - 0*f, -3*b - 21 = 5*f. Let c(u) = u**3 + 2*u**2 - 5*u - 2. Give c(f).
4
Let l(a) = 4*a + 4. Let p be (-3*3)/((-12)/8). Calculate l(p).
28
Let b = -16 + 20. Let x(m) = m**2 - 3*m - 7. Let d be x(5). Let p(h) = 2 - d - h**2 + 3 + 5*h - 3. What is p(b)?
3
Let g be (1 - 0)/(6/24). Let l(h) = h**2 - 6*h + 5. Give l(g).
-3
Let l(a) = 4*a**2 + a. Let i be (-15)/(-25) + (-8)/5. What is l(i)?
3
Let o(j) = -1 + 4*j - j**2 + 0*j**2 + 0. Let u be 6/3 - -2 - 2. Calculate o(u).
3
Let f(j) = -10*j - 1. Let k(p) = -p**3 + 5*p**2 + 6*p - 3. Let l be k(6). Let s = l - -6. Suppose s*b + 1 + 2 = 0. What is f(b)?
9
Let r = 0 - 11. Let s = r + 15. Let a(y) = y**3 - 5*y**2 + 3*y + 2. Give a(s).
-2
Suppose 0 = 4*j - 6*j. Suppose -r - 2*r - 33 = j. Let g = 5 + r. Let t(p) = -p**3 - 7*p**2 - 7*p - 9. Determine t(g).
-3
Let o(t) = t**2 - 2*t + 1. Suppose 0*h - 3 = -h. Determine o(h).
4
Let d be (-2)/(-72) - -3*(-2)/(-27). Let k(u) be the second derivat